factor of 1446404?
False
Is 9 a factor of 2406024?
True
Does 147 divide 219177?
True
Is 75127 a multiple of 112?
False
Is 1819142 a multiple of 201?
False
Is 75 a factor of 60738?
False
Does 30 divide 1824820?
False
Does 1185 divide 4440195?
True
Is 280440 a multiple of 15?
True
Is 183 a factor of 322812?
True
Does 5 divide 113616?
False
Does 3 divide 6006?
True
Is 2 a factor of 12576?
True
Is 15 a factor of 11160?
True
Is 24 a factor of 2340265?
False
Is 371227 a multiple of 54?
False
Is 107505 a multiple of 3?
True
Is 14 a factor of 145572?
True
Is 69 a factor of 2619378?
True
Does 28 divide 433300?
True
Does 10 divide 6151270?
True
Does 20 divide 10066673?
False
Is 5 a factor of 242648?
False
Is 37 a factor of 327080?
True
Does 22 divide 122694?
True
Does 8 divide 9420190?
False
Is 211 a factor of 2111266?
True
Does 17 divide 275154?
False
Does 2 divide 115287?
False
Is 63264 a multiple of 201?
False
Is 58842 a multiple of 9?
True
Is 15 a factor of 33502?
False
Is 568 a factor of 1133119?
False
Is 48346 a multiple of 42?
False
Is 68 a factor of 14394590?
False
Is 215 a factor of 2582?
False
Is 1027 a factor of 5456451?
True
Does 5 divide 3696080?
True
Is 13 a factor of 521235?
True
Is 413 a factor of 2608508?
True
Does 24 divide 1025304?
True
Is 2670609 a multiple of 327?
True
Is 23317496 a multiple of 133?
False
Is 18 a factor of 5577102?
True
Is 695172 a multiple of 12?
True
Does 18 divide 56340?
True
Is 1537921 a multiple of 11?
True
Is 470 a factor of 310263?
False
Is 18 a factor of 308611?
False
Is 34 a factor of 4001052?
True
Is 3112788 a multiple of 487?
False
Does 117 divide 763263?
False
Is 1126518 a multiple of 983?
True
Is 74 a factor of 11605817?
False
Is 9 a factor of 405873?
True
Does 500 divide 2290509?
False
Is 5844011 a multiple of 356?
False
Is 24280038 a multiple of 131?
False
Does 108 divide 1992616?
False
Does 94 divide 15228?
True
Does 848 divide 827464?
False
Does 71 divide 8396744?
True
Does 20 divide 171939?
False
Is 34 a factor of 5887712?
True
Is 29 a factor of 148045?
True
Is 892832 a multiple of 8?
True
Is 120261 a multiple of 116?
False
Is 78031 a multiple of 47?
False
Is 1014 a factor of 20349298?
False
Is 327 a factor of 1386153?
True
Is 2394000 a multiple of 59?
False
Is 1347912 a multiple of 24?
True
Is 3159224 a multiple of 212?
True
Is 509832 a multiple of 9?
True
Is 12 a factor of 508644?
True
Is 7317760 a multiple of 16?
True
Is 34944 a multiple of 26?
True
Does 27 divide 263123?
False
Is 23 a factor of 338169?
True
Is 52820 a multiple of 95?
True
Is 839 a factor of 3715092?
True
Does 5 divide 33370?
True
Is 134895 a multiple of 529?
True
Does 956 divide 4048660?
True
Is 6105135 a multiple of 353?
True
Does 20 divide 1025060?
True
Does 5 divide 68820?
True
Does 92 divide 1121996?
False
Does 1840 divide 10186240?
True
Does 81 divide 113643?
True
Does 64 divide 583919?
False
Does 74 divide 1046878?
True
Is 6 a factor of 249592?
False
Is 6648268 a multiple of 44?
True
Does 42 divide 84084?
True
Does 256 divide 1284096?
True
Is 16 a factor of 5336992?
True
Does 57 divide 15183?
False
Does 333 divide 1920829?
False
Is 3 a factor of 109285?
False
Is 219 a factor of 114981?
False
Does 162 divide 873886?
False
Does 37 divide 208236?
True
Does 421 divide 253021?
True
Does 334 divide 3533843?
False
Is 102710 a multiple of 4?
False
Is 426 a factor of 3585642?
True
Is 3278840 a multiple of 40?
True
Does 123 divide 1247380?
False
Does 6 divide 7246?
False
Is 17 a factor of 592467?
True
Is 11 a factor of 206668?
True
Is 20063894 a multiple of 881?
True
Is 33264 a multiple of 36?
True
Does 29 divide 43731?
False
Is 96 a factor of 41760?
True
Is 773 a factor of 1597403?
False
Does 8 divide 2689125?
False
Is 649798 a multiple of 4?
False
Is 14 a factor of 1405958?
False
Is 2999536 a multiple of 26?
False
Is 6754562 a multiple of 248?
False
Is 16 a factor of 37012?
False
Does 97 divide 159177?
True
Is 278 a factor of 2675194?
True
Does 25 divide 183275?
True
Is 63 a factor of 2410191?
True
Is 12 a factor of 849398?
False
Is 1012 a factor of 1332302?
False
Does 400 divide 243200?
True
Does 10 divide 3355492?
False
Is 11 a factor of 156233?
True
Does 8 divide 1911440?
True
Is 108796 a multiple of 297?
False
Is 31 a factor of 4228710?
True
Does 1054 divide 3491010?
False
Is 1729860 a multiple of 55?
True
Is 306 a factor of 62694?
False
Does 801 divide 273209?
False
Is 28770 a multiple of 42?
True
Does 90 divide 1232370?
True
Does 2145 divide 25780825?
False
Is 7441057 a multiple of 127?
True
Is 175 a factor of 2379125?
True
Does 86 divide 3550039?
False
Is 74 a factor of 350908?
True
Is 7 a factor of 14441?
True
Is 815 a factor of 10716435?
True
Does 8 divide 37960?
True
Does 66 divide 701052?
True
Is 1981629 a multiple of 773?
False
Is 2009280 a multiple of 4?
True
Does 7 divide 50258?
False
Does 30 divide 106109?
False
Does 37 divide 13357?
True
Is 543 a factor of 257237?
False
Is 200878 a multiple of 310?
False
Is 5639125 a multiple of 5?
True
Does 70 divide 65685?
False
Is 392544 a multiple of 24?
True
Is 22 a factor of 1047046?
True
Does 16 divide 592640?
True
Is 387221 a multiple of 31?
True
Is 2813151 a multiple of 2?
False
Is 11 a factor of 10746912?
True
Does 43 divide 5023561?
True
Is 3868200 a multiple of 450?
True
Is 1525255 a multiple of 203?
False
Is 804609 a multiple of 23?
True
Does 280 divide 114240?
True
Is 385120 a multiple of 415?
True
Is 11475 even?
False
Is 410887 a multiple of 8?
False
Does 995 divide 3898410?
True
Is 17 a factor of 925854?
True
Is 4207292 a multiple of 1604?
True
Does 64 divide 1291456?
True
Does 468 divide 64671?
False
Is 93 a factor of 463956?
False
Does 23 divide 8200274?
False
Is 9 a factor of 79975?
False
Does 17 divide 312659?
False
Is 173 a factor of 2029458?
False
Is 140184 a multiple of 86?
False
Is 42 a factor of 1392141?
False
Is 986109 a multiple of 10?
False
Does 177 divide 4288179?
True
Does 14 divide 1043214?
False
Is 215 a factor of 298777?
False
Is 139 a factor of 680961?
True
Is 182 a factor of 182535?
False
Is 10068399 a multiple of 244?
False
Is 45 a factor of 3181956?
False
Does 24 divide 880469?
False
Does 104 divide 90530?
False
Is 1038412 a multiple of 17?
False
Is 52434 a multiple of 24?
False
Is 57 a factor of 1584261?
False
Is 1132 a factor of 2379382?
False
Is 8280682 a multiple of 700?
False
Does 73 divide 1688417?
True
Is 146 a factor of 296076?
False
Does 18 divide 1374386?
False
Is 3 a factor of 444422?
False
Is 2386147 a multiple of 92?
False
Is 19 a factor of 430806?
True
Does 10 divide 5297?
False
Does 30 divide 472170?
True
Does 200 divide 1832227?
False
Is 14 a factor of 107874?
False
Is 33 a factor of 12296?
False
Is 60696 a multiple of 12?
True
Is 508 a factor of 397619?
False
Is 848980 a multiple of 17?
True
Is 61891 a multiple of 59?
True
Is 22 a factor of 5137863?
False
Is 14 a factor of 54502?
True
Is 13511 a multiple of 7?
False
Is 1134478 a multiple of 122?
True
Does 44 divide 97152?
True
Is 32 a factor of 622607?
False
Is 539 a factor of 1538845?
True
Is 35 a factor of 2882?
False
Is 227160 a multiple of 30?
True
Is 554840 a multiple of 520?
True
Is 12 a factor of 3183922?
False
Is 32 a factor of 140224?
True
Is 17 a factor of 802689?
True
Is 17423 a multiple of 32?
False
Is 474895 a multiple of 956?
False
Is 9182 a multiple of 46?
False
Is 73 a factor of 473259?
True
Does 208 divide 174304?
True
Is 458 a factor of 672042?
False
Is 583 a factor of 2852619?
True
Is 18 a factor of 539029?
False
Does 350 divide 214851?
False
Does 25 divide 1655575?
True
Is 96632 a multiple of 295?
False
Is 59 a factor of 274421?
False
Is 5 a factor of 5692076?
False
Does 78 divide 94458?
True
Is 35 a factor of 21000?
True
Does 109 divide 5737820?
False
Is 145 a factor of 529794?
False
Does 24 divide 7421823?
False
Is 12854016 a multiple of 12?
True
Is 111073 a multiple of 71?
False
Is 311 a factor of 311824?
False
Is 3108660 a multiple of 8?
False
Does 2 divide 67179?
False
Is 41 a factor of 161212?
True
Does 11 divide 881738?
True
Is 26 a factor of 24466?
True
Is 7 a factor of 145954?
False
Is 25 a factor of 12743232?
False
Is 152880 a multiple of 28?
True
Is 330 a factor of 5301022?
False
Does 303 divide 12329772?
False
Is 24 a factor of 145368?
True
